hat is -2411031400 - -414?
-2411030431
In base 8, what is -5140305 - -6?
-5140277
In base 7, what is -160001415 + 13?
-160001402
In base 6, what is 221 - -1240150?
1240411
In base 10, what is -262587091 - -1?
-262587090
In base 16, what is 523f - e7a8?
-9569
In base 13, what is 1 + -83149b?
-83149a
In base 16, what is -356fca + -1?
-356fcb
In base 5, what is -424022244204 - -10?
-424022244144
In base 3, what is -1201202021100012 + -11?
-1201202021100100
In base 3, what is -10011 + 2201012202?
2201002121
In base 15, what is b03c1ce - 1?
b03c1cd
In base 2, what is 10 + 1010111011001010101100100?
1010111011001010101100110
In base 12, what is -54 + -42403?
-42457
In base 16, what is 47a64 - -cc?
47b30
In base 4, what is 2001111310 - -101132?
2001213102
In base 8, what is -5163564 + -10?
-5163574
In base 3, what is 1100200 - 202212121?
-201111221
In base 8, what is -515566 - 150?
-515736
In base 8, what is -41444557 - -127?
-41444430
In base 9, what is -316731058 - 4?
-316731063
In base 4, what is -13 + -211011322111?
-211011322130
In base 3, what is -2100100121 - -110001212?
-1220021202
In base 7, what is 1344223 - 1000?
1343223
In base 15, what is -8d1e50 + 1?
-8d1e4e
In base 7, what is 25 + 502100?
502125
In base 8, what is -13 - 2174666?
-2174701
In base 2, what is 10100011011001111001100 - -1100?
10100011011001111011000
In base 9, what is -3828605 + -38?
-3828644
In base 11, what is -8613387 - -6?
-8613381
In base 15, what is 43 - 209a2?
-2095e
In base 8, what is 153 + -141256?
-141103
In base 11, what is 1280975 + 69?
1280a33
In base 7, what is -60306 - -342?
-56634
In base 9, what is 1326 - 24527?
-23201
In base 11, what is -9a1 + -129624?
-12a515
In base 3, what is -1012001001021 - 1000?
-1012001002021
In base 11, what is 3 + 3400206?
3400209
In base 9, what is -1680527 - 6?
-1680534
In base 10, what is -3376241 - 206?
-3376447
In base 3, what is -220211000002220 + -12?
-220211000010002
In base 12, what is -b74a - -3208?
-8542
In base 15, what is -2cea8 - a?
-2ceb3
In base 12, what is -62306 + -209?
-62513
In base 4, what is 3113 - -2203300?
2213013
In base 16, what is -5 - 1db703?
-1db708
In base 9, what is 0 + 4545884?
4545884
In base 3, what is -2102202201001 - 212?
-2102202201220
In base 7, what is -4 + -130655305?
-130655312
In base 10, what is 82561 - 17?
82544
In base 16, what is b9517 - bc?
b945b
In base 9, what is 6062761 + 15?
6062776
In base 8, what is -22044134 - 16?
-22044152
In base 10, what is -225 - 285043?
-285268
In base 16, what is 1 + -61a0a?
-61a09
In base 8, what is -105724 - -40?
-105664
In base 16, what is -1 + -79be91f?
-79be920
In base 15, what is 1c5 + -21029a?
-2100c5
In base 15, what is -481 - -864?
3d3
In base 11, what is -5 + -70361669?
-70361673
In base 2, what is 1000 - -10000001001001000011101?
10000001001001000100101
In base 7, what is -123313432 - 50?
-123313512
In base 10, what is -76384 - 1306?
-77690
In base 12, what is -1600b0 + -90?
-160180
In base 14, what is 32 - -53497?
534c9
In base 15, what is -57ca + -63a4?
-bb7e
In base 3, what is -1211011122 - -1221?
-1211002201
In base 7, what is -2130633 - -1263?
-2126340
In base 14, what is 11312 + 1c74?
13186
In base 15, what is -74a56e0 + 0?
-74a56e0
In base 6, what is 50505 + -41050?
5415
In base 4, what is 0 - -2323122010033?
2323122010033
In base 9, what is 855807 - -5?
855813
In base 12, what is 4714 + -364?
4370
In base 13, what is 1cc4cb + 48?
1cc546
In base 11, what is 46 - -303789?
303824
In base 12, what is -b + 3a04176?
3a04167
In base 8, what is -1632 + 1225044?
1223212
In base 3, what is -10 - 202220122222102100?
-202220122222102110
In base 11, what is -5 - -6561707?
6561702
In base 7, what is 5340216 - 3?
5340213
In base 14, what is 5 + cdd2323?
cdd2328
In base 8, what is -52 - 3355543?
-3355615
In base 8, what is -361 - 3274151?
-3274532
In base 3, what is 10211 + -2001211122?
-2001200211
In base 13, what is 0 + 46294c5c?
46294c5c
In base 6, what is 20505050 - 1125?
20503521
In base 7, what is -106204020 + 5?
-106204012
In base 2, what is -10 - -110001100010001010000011010?
110001100010001010000011000
In base 5, what is 10 + 11130231143?
11130231203
In base 16, what is -13b30b - -99?
-13b272
In base 6, what is -42011444 + -1011?
-42012455
In base 12, what is -10665a59 - 4?
-10665a61
In base 14, what is 496 - -54384?
5483a
In base 14, what is 32 - 9a87d?
-9a84b
In base 6, what is -4 + -10131443532?
-10131443540
In base 3, what is 1022201000101012 + 2?
1022201000101021
In base 15, what is 1858 - 8d5?
e73
In base 14, what is 532 - 685?
-153
In base 5, what is 20111222 - 23413?
20032304
In base 3, what is 10 + -11100002210111?
-11100002210101
In base 4, what is -1 - 11003103003?
-11003103010
In base 12, what is -2 + 3337a925?
3337a923
In base 7, what is 160632431 - 5?
160632423
In base 14, what is -3 - 2039cc1c?
-2039cc21
In base 13, what is 2b - -164a1?
164cc
In base 3, what is 1110220201 + -2222202?
1100220222
In base 10, what is 1555456 - 2?
1555454
In base 6, what is -3013523100 + 45?
-3013523011
In base 4, what is 3313 + -2030002020?
-2023332101
In base 12, what is -37658b + -3?
-376592
In base 12, what is b7a3 + -2a1?
b502
In base 10, what is -5 - -5100020?
5100015
In base 7, what is -52464 - 125606?
-211403
In base 3, what is -2 - -11210101201012?
11210101201010
In base 2, what is 1111101100110101 - 1001101101?
1111100011001000
In base 3, what is 101021222020010100 - -12?
101021222020010112
In base 10, what is 33293 + 291?
33584
In base 16, what is -1f - -3dfa2?
3df83
In base 4, what is 102012012131023 - 3?
102012012131020
In base 7, what is -6316 + 3544?
-2442
In base 13, what is -c08947c + 11?
-c08946b
In base 3, what is -21000202022 + -10201210?
-21011111002
In base 2, what is -1111 + -110100110011010100?
-110100110011100011
In base 12, what is 3663 - -1a68?
550b
In base 3, what is -1 + 111010001211211?
111010001211210
In base 14, what is -1 + 93a95d?
93a95c
In base 3, what is -20000 + -222212110000?
-222212200000
In base 2, what is -10000011010110001001 + 11?
-10000011010110000110
In base 8, what is -3073 + -36454?
-41547
In base 16, what is -2 + 867474?
867472
In base 4, what is 11330 + -1100333?
-1023003
In base 14, what is 19c212 - ca?
19c126
In base 14, what is -862 + 357a4?
34d42
In base 16, what is 26396 - -65?
263fb
In base 6, what is -1245 + 3354?
2105
In base 3, what is 1121011210002 + 11?
1121011210020
In base 6, what is -2152 + -1423044?
-1425240
In base 2, what is -110001111101111011000101 + 11?
-110001111101111011000010
In base 3, what is 10100 - -1210000211?
1210011011
In base 10, what is 8 - 45957?
-45949
In base 12, what is -1 + -16500aa?
-16500ab
In base 4, what is 111 - -200233011200?
200233011311
In base 4, what is 11221020101130 + -1?
11221020101123
In base 12, what is 0 + -ab604a8?
-ab604a8
In base 13, what is -7 + 18b4855?
18b484b
In base 7, what is -1 + 13305164?
13305163
In base 3, what is 11 + -110100212110210?
-110100212110122
In base 13, what is 81 + 61a39?
61aba
In base 9, what is -5044017 - -1?
-5044016
In base 5, what is -222 - -110441441?
110441214
In base 15, what is 900e9e8 - -1?
900e9e9
In base 14, what is a011 - -473b?
1074c
In base 7, what is -110 - -10136?
10026
In base 12, what is 15 + 417606?
41761b
In base 7, what is 11625002 - 55?
11624614
In base 14, what is -10c - 1ac4?
-1bd2
In base 10, what is -46703 - 2677?
-49380
In base 12, what is 896 + -10410?
-b736
In base 11, what is -6 - 20895a5?
-2089600
In base 5, what is 340413434 + 10221?
340424210
In base 12, what is -556149 - 4?
-556151
In base 9, what is 166 - -31022?
31188
In base 13, what is -11 + -6939a21?
-6939a32
In base 12, what is -2654621 + 3?
-265461a
In base 13, what is 83 + 25b21?
25ba4
In base 16, what is 550 + 22e5?
2835
In base 12, what is -233 + -50795?
-50a08
In base 14, what is 3 - -25adb6?
25adb9
In base 14, what is -d0 - -1cd3c6?
1cd2d6
In base 2, what is -10110001101111 - 1111100101?
-11000001010100
In base 10, what is -29619 + -14034?
-43653
In base 8, what is 25 + -4304042?
-4304015
In base 4, what is -2 - 100312332?
-100313000
In base 5, what is 10331111311122 + -1?
10331111311121
In base 4, what is -323202 + 1230322?
301120
In base 7, what is 633 - -5101520?
5102453
In base 8, what is 76 - -13405072?
13405170
In 